*3/3 + g**2. List the prime factors of h(b).
2
Let v(r) = -r. Let i be v(-1). Let k be i/(-3)*(-1 + -5). Suppose -4*z = -4*s - 16, k*z - 13 = -2*z + 5*s. List the prime factors of z.
7
Let y(k) = 8*k**3. Let u be y(-1). Let s(q) = q**3 + 5 - 4 + 2 + 4 + 8*q**2. What are the prime factors of s(u)?
7
Suppose -6*n + 5*a = -3*n - 23, n = -a + 5. Let c be 35/21 - (-2)/n. Suppose -x + 0*x = -c*k - 7, -x + 11 = -k. What are the prime factors of x?
3, 5
Suppose 0*s - 324 = -3*s. What are the prime factors of s?
2, 3
Let s be -11 - -6*(-2)/4. Let f(u) = -3*u + 9. What are the prime factors of f(s)?
3, 17
Suppose 4*a - 14 = 78. What are the prime factors of a?
23
Let w(v) = -15*v + 34. List the prime factors of w(-6).
2, 31
Suppose 24 = -4*f + 4*t, -4*t + 3 = -3*f - 12. Let s = -5 - f. What are the prime factors of s?
2
Suppose 186 = 2*v + 16. List the prime factors of v.
5, 17
Suppose 0*m - 11 = -m + 5*c, 0 = 5*m + 4*c - 200. List the prime factors of m.
2, 3
Let n(w) = 7*w + 8. What are the prime factors of n(5)?
43
Let w(a) = -a**2 + 5*a + 4. Let z be w(5). Suppose -4*k = -5*k. Suppose z*d + k*d = 36. What are the prime factors of d?
3
Let t be -3 + -4*(-9)/12. Suppose -5*v - 4*x + 72 = t, 4*v = 4*x + 7 + 29. List the prime factors of v.
2, 3
Suppose 9*s - 5*s = 16. Suppose -s*r = t - 19, 5*t + 4*r = -7 + 166. What are the prime factors of t?
5, 7
What are the prime factors of ((-844)/6)/(16/(-24))?
211
Suppose -3*o = -4*o - 42. What are the prime factors of o/35*(-25)/2?
3, 5
Let m be (20/(-15))/(1/(-3)). Let k be m - -1 - (-2 - 0). Let j(q) = 2*q - 9. List the prime factors of j(k).
5
Let z = 9 - 15. Suppose t + 13 = 2*j, t + 4*t - 23 = -j. Let h = j + z. What are the prime factors of h?
2
Let w(o) = 3*o**2 + 7*o + 8. What are the prime factors of w(-5)?
2, 3
Let k(l) = l**3 + 2*l**2 + 2*l - 3. Suppose 0 = f - 3*g - g - 13, -5*g - 11 = -3*f. Let z be k(f). Let d = z + 38. What are the prime factors of d?
2, 5
Suppose 2*o + 3*g - 69 = 0, -o - 3*o = 4*g - 128. List the prime factors of o.
3
Suppose -o = 4*l - 1147, -3*l + 2*l = -5*o - 313. List the prime factors of l.
2, 3
Suppose 259 = 3*u - 26. List the prime factors of u.
5, 19
Let m be (-10)/10 + 136/1. Let v = -80 + m. What are the prime factors of v?
5, 11
Let m = 38 + -31. List the prime factors of m.
7
Suppose 16 = 4*m - 0*m. Suppose -m*a = -0*a - 44. List the prime factors of a.
11
Suppose 5*c = 2*t + 3*t + 750, -3*c + 454 = -2*t. What are the prime factors of c?
2, 7, 11
Let h = -25 + 33. What are the prime factors of h?
2
Suppose a - 2 = 0, a = -3*x - 10 + 21. Let l = x + 9. Let g = 20 - l. List the prime factors of g.
2
Suppose 4*n - 6*n - 30 = 0. What are the prime factors of (-6)/n - 486/(-10)?
7
Let q(d) = -d. Let c(p) = p**2 + 10*p. Let r(x) = c(x) + 3*q(x). Let a be r(-7). Let m(t) = t**2 + t + 9. List the prime factors of m(a).
3
What are the prime factors of ((-13752)/(-42))/2 + (-4)/(-14)?
2, 41
Let i(l) = -2*l. Suppose -d = 3*d + 12. List the prime factors of i(d).
2, 3
Suppose -229 = -4*j - 3*d, 0*j + d - 58 = -j. What are the prime factors of j?
5, 11
Suppose 2*c - 698 - 576 = -3*j, c = -j + 426. List the prime factors of j.
2, 211
Let k be ((-5)/(-2))/(3/6). Suppose 98 = 5*p + k*m + 8, -3*m + 90 = 5*p. Suppose -14 = -4*n + p. What are the prime factors of n?
2
Let w(f) = 6*f - 8. What are the prime factors of w(6)?
2, 7
Let l(r) = 4*r + 12. Let i(o) = -3*o - 12. Let p(x) = -2*i(x) - 3*l(x). List the prime factors of p(-7).
2, 3, 5
List the prime factors of (-1106)/(-10) + ((-6)/10 - -1).
3, 37
Let f be -2 - 0/(-3 + 0). Let u be (f/(-8))/(6/120). Suppose -u*k + 7*k = 18. List the prime factors of k.
3
Let f = 2 - -29. Let k = f + -15. List the prime factors of k.
2
Suppose -w + 4*w + 2*k = 18, 5*w - 2*k - 14 = 0. Suppose 0 = q + w*q - 10. Suppose -2*i = -5*t + 17, -q*t + 24 = 3*i + 2. List the prime factors of i.
2
Let g(d) = -3*d + 3 - 7 + 4*d. Let m be g(3). Let x = 7 + m. List the prime factors of x.
2, 3
Suppose -2*o = 3*m + 2*o - 88, -4*m + 5*o + 169 = 0. List the prime factors of m.
2, 3
Suppose 0*l + 3*l = -g + 40, -15 = -3*l. Suppose 2*x + g = 7*x. List the prime factors of x.
5
Let o(a) = 7*a - 4. Let s(x) = 6*x - 3. Let b be (4/6)/(2/12). Let g(k) = b*o(k) - 5*s(k). What are the prime factors of g(-2)?
3
Let d = -14 - -24. Let j be (-30)/9*(-12)/d. Suppose -v + 3*m = -21, j*m + 5 = -15. List the prime factors of v.
2, 3
Suppose y - 6 = -y. Let q be 2/6*(3 + 6). Suppose -y*x = u + 4, -q*u - 2*u = 5*x. List the prime factors of u.
2
Suppose 0*v + 2*m = -v + 72, 386 = 5*v - 3*m. Suppose 0 = -2*r + 6*r - v. List the prime factors of r.
19
Suppose -2*x = -3*x + 39. Suppose -3*h - h + 28 = 2*u, -3*u = 5*h - x. What are the prime factors of u?
2
Suppose -5*p = -50 - 180. What are the prime factors of p?
2, 23
Let y = -9 + 40. What are the prime factors of y?
31
Let u be -1*(1 + -3)/1. List the prime factors of (u/(-5))/(1/(-30)).
2, 3
Suppose 2*v = -5*d - 31, -v = -5*d + 25 - 62. Suppose -5*b + 4*b = -10. Let g = b + d. What are the prime factors of g?
3
Suppose 6 + 9 = 3*w. Suppose 5*v = -3*d + v + 97, -w*d + 115 = -5*v. List the prime factors of d.
3
Suppose 2*i = -p + 12, p - 24 = -p - 3*i. List the prime factors of p.
2, 3
Let x(k) = -22*k - 28. List the prime factors of x(-16).
2, 3
Suppose 2*r + 22 = 5*o - 4, -28 = -4*o - 2*r. Let h(f) be the first derivative of f**4/4 - 7*f**3/3 + 7*f**2/2 + 5*f + 2. What are the prime factors of h(o)?
11
Let h(d) = -d**2 + 12*d + 17. Let y be h(13). Suppose -y*x = -m + 27, 2*m - 3*x - 67 = -3*m. List the prime factors of m.
11
Suppose 2*g - 7*g + 170 = 0. What are the prime factors of g?
2, 17
Let q(x) = x**3 - 11*x**2 + 13*x + 10. Let h be q(10). Let s = h - 27. What are the prime factors of s?
13
Let j be (9 + -4)*(-12)/(-5). Let c = j - 2. What are the prime factors of c?
2, 5
Let v be (1/(-2))/(4/(-168)). What are the prime factors of 7/(v/(-2))*-15?
2, 5
Let j(x) = x**3 - 11*x**2 - 12*x + 9. Let u be j(12). Let i(z) = -z**3 + 10*z**2 - 7*z - 2. What are the prime factors of i(u)?
2
Let b = -3 + 11. Suppose 8*q + 0*q = -3*q. Suppose -y = -4*d + b, -2*d - 2*d + 2*y + 8 = q. List the prime factors of d.
2
Suppose 8 = 5*r - 7. What are the prime factors of 29 - (3 - (r + -3))?
2, 13
Let h(t) = -4*t**3 - 4*t**2 + 11*t + 5. Let p(f) = -5*f**3 - 4*f**2 + 12*f + 5. Let z(m) = 4*h(m) - 3*p(m). List the prime factors of z(-6).
29
What are the prime factors of -2*(2 - 425/10)?
3
Suppose -275 - 381 = -2*k. What are the prime factors of k?
2, 41
Suppose 0 = -4*i + 234 - 26. What are the prime factors of i?
2, 13
Suppose -4*t - 72 = -7*t. Suppose 8*i = 4*i + t. List the prime factors of i.
2, 3
Suppose 20 = 6*c - c. Suppose c = t + t. What are the prime factors of t?
2
Suppose -4*y + 1 = -27. Suppose 5*u = -5*p + 35, 2*u - y*u = 4*p - 32. Suppose -v - u*z = -3, -2*v = 4*z - z - 16. What are the prime factors of v?
11
Suppose -2*s - 14 = -2*i, -2*i = s - 7*i + 23. Let q(x) be the second derivative of -x**4/12 - 2*x**3/3 + x**2/2 - x. List the prime factors of q(s).
2
Let u be 2*(9/3 + -2). Suppose -u*z + 2*i = -z - 13, -5*i = z - 20. List the prime factors of z.
3, 5
Suppose -4*p = -p + 30. Let y = 8 - p. List the prime factors of y.
2, 3
Let l(c) = c**3 + 8*c**2 + 7*c + 3. Suppose -n + 4*o = 7, n - 4*o = -5*o - 7. What are the prime factors of l(n)?
3
List the prime factors of 4/22 + 852/33.
2, 13
Suppose -7*s + 2*s - 105 = 0. List the prime factors of s/(-2) + 2/4.
11
Let c(j) = -41*j + 2. List the prime factors of c(-1).
43
Let l = -33 - 28. Let y = l - -102. What are the prime factors of y?
41
Let j be 1/((-2 - -4)/(-8)). Let k be (j/(-3) - 1)*57. Suppose -2 = i - 4*p + 7, -k = -5*i + 4*p. List the prime factors of i.
7
Let j = -32 + 15. Let h = j + 10. Let l(f) = -f + 1. What are the prime factors of l(h)?
2
Let a = 17 - -20. What are the prime factors of a?
37
Suppose t + 10 = -4. Let q be 102/t + (-4)/(-14). Let k = q + 13. What are the prime factors of k?
2, 3
Let c be (-8)/(-20) - (-4)/(-10). Suppose o + 5*q - 12 = c, -4*q = -3*o + 25 + 11. What are the prime factors of o?
2, 3
Suppose 2*q = 3*q - 27. What are the prime factors of q?
3
Let z(o) = o**2 - 9. Let t(b) = -b**2 + 5*b + 6. Let j be t(5). List the prime factors of z(j).